
True
Is 8120383 prime?
True
Is 48074503 a composite number?
True
Is 663126097 composite?
True
Is 23468003 composite?
True
Is 893974817 a prime number?
True
Is 276197 prime?
False
Is 311001917 a composite number?
False
Is 81582023 a prime number?
True
Is 569022179 a prime number?
False
Is 35170301 a prime number?
False
Is 3749749 a prime number?
False
Is 156076387 prime?
False
Is 15485111 a prime number?
False
Is 12533639 a composite number?
True
Is 85590319 composite?
True
Is 311002979 prime?
False
Is 30456641 prime?
False
Is 349903591 a prime number?
True
Is 47278771 a prime number?
True
Is 38473217 a prime number?
True
Is 645091913 a composite number?
False
Is 17401561 a composite number?
True
Is 37254337 a composite number?
False
Is 117591569 a composite number?
True
Is 10082607 a composite number?
True
Is 183990757 prime?
False
Is 40849907 a composite number?
True
Is 5166853 composite?
True
Is 38704137 a prime number?
False
Is 1362397 a composite number?
True
Is 727571 prime?
False
Is 61751321 composite?
True
Is 1554221 prime?
True
Is 256834981 a composite number?
True
Is 704647 prime?
True
Is 2007491 prime?
True
Is 51179387 a composite number?
True
Is 3263222 a composite number?
True
Is 101627 composite?
False
Is 22666667 prime?
False
Is 3882841 prime?
True
Is 836084369 composite?
False
Is 676337 prime?
True
Is 535774 a composite number?
True
Is 571775167 prime?
False
Is 224443 a composite number?
False
Is 6881621 prime?
False
Is 47138951 a composite number?
False
Is 20222827 a prime number?
True
Is 26824569 a prime number?
False
Is 262392055 prime?
False
Is 299648731 prime?
True
Is 269743003 a prime number?
False
Is 11768209 a composite number?
False
Is 142786571 a composite number?
True
Is 790979279 a prime number?
True
Is 51014309 a composite number?
True
Is 3919169 composite?
False
Is 278895277 a composite number?
True
Is 195934499 a composite number?
True
Is 14839966 composite?
True
Is 4506109 prime?
True
Is 1238611 composite?
True
Is 1589663 a prime number?
True
Is 48362291 a composite number?
False
Is 253051087 a prime number?
False
Is 14245207 a composite number?
True
Is 125263079 composite?
True
Is 5339387 prime?
True
Is 271251503 a prime number?
False
Is 5890397 composite?
False
Is 262691519 composite?
False
Is 5733305 composite?
True
Is 7454267 a composite number?
True
Is 7007173 a composite number?
False
Is 90443963 a composite number?
False
Is 473436037 a composite number?
False
Is 12664939 a prime number?
False
Is 116634421 a composite number?
False
Is 631711 prime?
True
Is 47450651 prime?
True
Is 3797363 a composite number?
True
Is 17193379 a composite number?
True
Is 8013101 composite?
False
Is 12809053 a prime number?
True
Is 73706317 a prime number?
True
Is 84290741 composite?
False
Is 2186141 a composite number?
False
Is 16149391 composite?
True
Is 16382087 prime?
True
Is 4687057 a prime number?
False
Is 11526353 prime?
False
Is 796517 a prime number?
True
Is 9488071 a prime number?
False
Is 180850463 prime?
False
Is 128783 a prime number?
False
Is 33281819 a composite number?
False
Is 138757261 a composite number?
False
Is 1481287 a prime number?
False
Is 27648581 a composite number?
False
Is 11132321 prime?
False
Is 70759426 a composite number?
True
Is 15060907 a composite number?
False
Is 47692201 composite?
False
Is 28783 a prime number?
False
Is 16285873 a prime number?
True
Is 589481 prime?
True
Is 3796729 a composite number?
True
Is 22089179 composite?
True
Is 6836539 a composite number?
False
Is 98869267 a prime number?
False
Is 1345433 prime?
False
Is 240437 prime?
True
Is 4764367 composite?
True
Is 4221407 a composite number?
False
Is 40329217 a composite number?
False
Is 37456498 composite?
True
Is 251973433 a composite number?
False
Is 4324907 composite?
False
Is 23701241 composite?
False
Is 358499 composite?
False
Is 3031247 a composite number?
False
Is 646757 composite?
False
Is 7052809 composite?
False
Is 72931163 composite?
False
Is 194291 prime?
False
Is 108878779 a composite number?
False
Is 2389769 a composite number?
True
Is 25315457 a prime number?
True
Is 2401367 composite?
False
Is 195783191 composite?
False
Is 48499 prime?
False
Is 74268367 a composite number?
True
Is 1271299 composite?
False
Is 57531907 a prime number?
True
Is 1553893 a composite number?
True
Is 18347149 a composite number?
False
Is 714073 a prime number?
True
Is 31434841 composite?
False
Is 156161153 a composite number?
False
Is 5212561 composite?
False
Is 71504297 composite?
False
Is 592927 prime?
False
Is 222473 a composite number?
True
Is 567569 a composite number?
False
Is 1963981 prime?
True
Is 2635757 prime?
True
Is 26844119 a composite number?
False
Is 147236317 a composite number?
True
Is 1706363 a prime number?
True
Is 6836693 a composite number?
False
Is 143507317 composite?
True
Is 592931 composite?
False
Is 398734397 a prime number?
True
Is 12627773 a prime number?
False
Is 17820679 composite?
False
Is 4794733 a prime number?
True
Is 6655934 prime?
False
Is 700127 a composite number?
False
Is 5734345 composite?
True
Is 13477907 a prime number?
True
Is 6177331 a prime number?
True
Is 97265657 a prime number?
False
Is 8954663 prime?
True
Is 51062129 a composite number?
False
Is 36169669 a composite number?
False
Is 11960717 composite?
False
Is 436491907 composite?
True
Is 183273 a prime number?
False
Is 673932731 composite?
False
Is 7673357 prime?
True
Is 7152217 a composite number?
True
Is 25724161 a prime number?
True
Is 9002783 a composite number?
True
Is 2791069 prime?
True
Is 2616041 composite?
False
Is 2371927 composite?
False
Is 11143093 prime?
False
Is 1413427 a prime number?
True
Is 437137 composite?
False
Is 1094617 composite?
True
Is 181045 composite?
True
Is 363386501 prime?
False
Is 639631 a composite number?
False
Is 15440773 a composite number?
False
Is 507667 a prime number?
True
Is 17936249 a prime number?
True
Is 13901 composite?
False
Is 24311387 a prime number?
True
Is 49581733 composite?
False
Is 102929 prime?
True
Is 265323797 a prime number?
True
Is 5764251 a composite number?
True
Is 1100747 prime?
True
Is 1335329 composite?
True
Is 10495237 prime?
True
Is 18120131 prime?
False
Is 479293 a prime number?
False
Is 32419829 prime?
False
Is 20579419 prime?
False
Is 33878974 a composite number?
True
Is 790121 a prime number?
True
Is 7793813 prime?
False
Is 11141357 prime?
True
Is 200227771 a composite number?
False
Is 16984519 prime?
True
Is 12609097 composite?
False
Is 118444699 a composite number?
True
Is 1823381 composite?
True
Is 1396129897 a prime number?
True
Is 15999479 prime?
False
Is 44036051 a prime number?
True
Is 3691 a prime number?
True
Is 56869819 a composite number?
True
Is 163623353 composite?
False
Is 617039 a prime number?
True
Is 7758577 prime?
True
Is 13392127 a composite number?
True
Is 1033631 a prime number?
True
Is 5699351 composite?
True
Is 7670231 a composite number?
False
Is 4759843 a prime number?
False
Is 183343359 composite?
True
Is 1649503 a composite number?
True
Is 1907161 prime?
False
Is 81166739 a composite number?
False
Is 1765453 a prime number?
False
Is 66146921 a composite number?
False
Is 972767137 prime?
True
Is 2445451 a prime number?
True
Is 244389679 prime?
False
Is 692353591 a prime number?
True
Is 237604153 prime?
True
Is 150210497 a composite number?
False
Is 37594943 composite?
True
Is 14568181 prime?
True
Is 1181633 composite?
False
Is 67739 a composite number?
True
Is 202022603 prime?
True
Is 2910793 a composite number?
True
Is 27289511 composite?
False
Is 78154231 composite?
False
Is 89696537 a composite number?
True
Is 2321603 composite?
False
Is 94940003 a prime number?
True
Is 1251582083 composite?
False
Is 205665049 a prime number?
True
Is 475039 a prime number?
False
Is 92041 composite?
False
Is 1265183 a prime number?
False
Is 5755433 a composite number?
False
Is 89959907 a composite number?
True
Is 84745849 a prime number?
True
Is 11814917 a composite number?
True
Is 3811349 composite?
True
Is 6817871 prime?
False
Is 60199 a composite number?
True
Is 2745137 composite?
True
Is 118774391 composite?
True
Is 14802299 prime?
True
Is 2576663 a composite number?
False
Is 294911 prime?
True
Is 32008546 prime?
False
Is 2198269 a composite numb